u).
2
Let y(s) be the second derivative of -s**3/3 + 6*s. Let u(f) = -f**3 + 7*f**2 - 4*f - 14. Let b be u(6). Calculate y(b).
4
Let o(c) be the first derivative of -c**4 + c**3/3 - c**2 + c - 4. Determine o(1).
-4
Suppose -2*d = d + 9. Suppose 0 = -2*z - 2*z + 16. Let m(j) = -z - 2*j + 3 - 1. What is m(d)?
4
Let g be 48/15 - (-2)/(-10). Suppose 3*q + 0*r = 4*r + g, 5*q - 5 = 5*r. Let t(p) = q + 0*p**3 - 2 + 6*p**3 + p**2. Determine t(-1).
-6
Let a(p) be the third derivative of -p**4/12 - 2*p**2. Suppose 7 = 3*t - 2*y, 0 = -3*t + 2*t + 3*y + 14. What is a(t)?
2
Let o(w) be the second derivative of w + 0 + 4/3*w**3 + 0*w**2. Determine o(-1).
-8
Let r(q) = q - 1. Let z(f) = -f**2 + 9*f + 2. Let m(b) = 4*r(b) - z(b). Determine m(6).
0
Suppose 0 = -3*y - y - 4, 10 = 2*g - 4*y. Let k(m) = 7 + m**g + m + m**2 - 13 + 0*m**2. What is k(0)?
-6
Let l(o) be the first derivative of -o**3/3 - 5*o**2/2 - 4*o - 2. Let h be l(-3). Let d(i) = i**3 + 13*i + 6 + 8*i**h - 2*i**2 - 8*i. Calculate d(-5).
6
Let z(i) = i + 11. Let v = 4 - 12. Determine z(v).
3
Suppose 4*p + 6 = -2*s, 0*p + 3*s + 9 = -3*p. Let i(k) = -4 + k**2 - 3*k + 3*k + k. Calculate i(p).
-4
Let x(n) = -4*n**2 + 0 - 1 - n**3 + n**2. Suppose -3*a + 4 = a. Let i = a + -4. Give x(i).
-1
Let s(d) be the second derivative of d**8/6720 + d**7/504 - d**6/720 + d**5/120 - d**4/3 - 2*d. Let f(l) be the third derivative of s(l). What is f(-5)?
6
Suppose 0 + 2 = 2*c. Let s(n) = 3 + n - c + 2*n**2 - 3. Determine s(2).
9
Suppose 1 = 3*k - 2. Let j(c) be the second derivative of 2*c**4/3 + c**3/6 + 2*c. What is j(k)?
9
Let g be 0/(2/4*2). Suppose -4*n - z = -28, -4*n + 2*n + 14 = -z. Let i(j) = 0*j - j + 2*j + j**2 - n. What is i(g)?
-7
Let d(j) = -2*j**3 + 21*j**2 + 7. Let m(k) = -k**3 + 11*k**2 + 4. Let n(y) = 3*d(y) - 5*m(y). Calculate n(8).
1
Let y(h) = -10 - 4 - h + 6. Calculate y(-4).
-4
Let m be (-96)/51 - (-2)/(-17). Let x(b) = b**2 + b + 2. What is x(m)?
4
Let w(x) be the first derivative of -x**2 - 7*x + 1. Suppose -2*s = s + 18. Calculate w(s).
5
Let p(y) = -y**3 - 2*y - 1. Let q be ((-26)/(-39))/((-2)/3). Give p(q).
2
Let i(c) = -c**3 + c - 1. Suppose -h = -9*h + 8. Calculate i(h).
-1
Let s(i) = -i - 18. Let c be s(-6). Let k = c + 9. Let v(q) = -q**3 - 3*q**2 - 2*q + 3. What is v(k)?
9
Let p(h) be the first derivative of -h**4/4 - h**3/3 + h + 3. Suppose -i - 29 = 2*y - 7*y, 3*i + 27 = 3*y. Suppose 12 - 3 = -3*n, 17 = -2*c - y*n. Give p(c).
1
Let x be 9/(-3 + 12/8). Let q(s) = s**3 + 7*s**2 + 4*s + 2. Calculate q(x).
14
Let k(t) = -16*t + 21. Let h(l) = 3*l - 4. Let s(j) = -11*h(j) - 2*k(j). Let r = -3 + 5. Suppose 20 = -r*v + 5*w, 5*v = -5*w + 9 + 11. What is s(v)?
2
Suppose -3 = -3*t + 18. Let x(v) = -v - 13 + t + 8. Determine x(2).
0
Let a(y) = 3 + 0*y + 0*y - 3*y. Let x be a(2). Let q(t) = -8 + 11*t + t**3 + 12 - 12*t + 2*t**2. Determine q(x).
-2
Let d(h) = -h**2 + 5*h + 4. Suppose 0 = i - 5*p - 26, 4*i - 5*p - 9 = -4*p. Let c = i + 4. Calculate d(c).
4
Let c(n) = n**3 + 5*n**2 + 2*n + 6. Let r(h) = -16 - h - h**2 - 6*h**2 - 8*h**2 + 4*h**2 - h**3. Let a be r(-11). Give c(a).
-4
Let w = -53 + 89. Suppose -x - 3*l + w = 0, -4*x + 18 + 102 = 4*l. Let a be x/(-6)*(-8)/(-6). Let v(m) = -m - 7. Give v(a).
-1
Let b(w) = -w**2 + 3*w - 3. Let p = 21 + -35. Let y be -65 - (-1 + 2 - 3). Let t be y/p*2/3. Give b(t).
-3
Suppose -4*z + 0*z + 32 = 0. Let a(g) = -g + 5 - 6 + 4. Let n be a(z). Let r(p) = 2*p + 7. Calculate r(n).
-3
Let p be (4/5)/((-14)/35). Let f(n) = n**3 + 3*n**2 - n. Calculate f(p).
6
Suppose 0 = 2*v - v + 7. Let y(i) = -i**3 - 7*i**2 + i + 3. What is y(v)?
-4
Let s(r) = -9*r**3 + 5*r**2 + 9*r - 12. Let l(h) = 4*h**3 - 3*h**2 - 4*h + 6. Let n(g) = -7*l(g) - 3*s(g). Determine n(6).
0
Suppose -3*x - 4*y = 11, -4*x - 8 = 4*y + 4. Let c be -1 - 1 - (-7 - -1). Let r(a) = -3 + 3 + a + c*a**2. Determine r(x).
3
Let i(y) be the first derivative of y**2/2 - 8*y - 3. Give i(6).
-2
Let w be (-1 - -6)*-1*12/(-10). Let m(h) = -h - 8. Calculate m(w).
-14
Let a(g) be the third derivative of g**4/8 - g**3/6 - 7*g**2. Give a(-1).
-4
Suppose -17*u + 16*u - 1 = 0. Let g(k) = 3*k - 11 - 2*k + 11. Give g(u).
-1
Let u(a) = -a**2 + 13*a - 2. Let d(x) = x**2 - 7*x + 1. Let v(b) = -5*d(b) - 3*u(b). Determine v(-3).
-5
Let p(k) be the first derivative of k**4/4 - 5*k**3/3 - 4*k**2 + k - 2. Suppose 0 = -2*v + 5*w + 7, 0 = w - 4*w + 3. Calculate p(v).
-11
Let n(v) be the first derivative of -v**4/2 - v**3 - v**2 + 10. Determine n(-2).
8
Let a = -3 + 6. Suppose a*l - 18 = -3*u, -6*u + 3*u + 15 = 2*l. Suppose u*i - 8 + 2 = 0. Let s(z) = z - 1. What is s(i)?
1
Let x(c) be the second derivative of -c**5/20 + c**4/4 + 2*c**3/3 - 2*c. Let t be x(4). Suppose r - 5 = -t*r. Let s(w) = -w**2 + 4*w + 2. Determine s(r).
-3
Let f(h) = -h**2 + h + 1. Suppose o + 9 = 3*l - 7, 0 = -5*o + 10. Let y be 1/((-2)/l*1). Let d = 2 + y. Give f(d).
-1
Let g(q) be the second derivative of -q**3/6 + q**2 + 9*q. Determine g(6).
-4
Let a(d) = d**3 - 5*d**2 + d - 4. Suppose 0 = 3*b - 4*b - 1. Suppose 3*s + 2 = 14. Let g = s - b. Calculate a(g).
1
Let u(b) = b**3 - 10*b**2 + 5*b - 5. Let n(p) = -p**2 - 1. Let g(x) = -5*n(x) + u(x). Let l(i) = 1 + 1 - 3*i + 2 + i**2. Let c be l(3). Calculate g(c).
4
Let f(v) be the third derivative of -v**6/120 + v**5/10 - 5*v**4/24 + v**3/2 - 6*v**2. Determine f(4).
15
Let n = -11 + 5. Let s(w) = -2*w - 6. Give s(n).
6
Let d be -3*(2 + (-30)/9). Let j(v) = -2 + d*v - 3*v + 5 + 2*v. Calculate j(-4).
-9
Let n be (-14)/6 + 2/(-3). Let a(v) = -v**3 - 2*v**2 - 3. Let o be a(n). Let r(p) = 3*p**2 - 1 + o*p - 4*p - p**3 + 2*p**3. What is r(-3)?
-7
Let p(u) = -u**3 - 9*u**2 - 10*u - 11. Let f be p(-8). Let i = f - 2. Let j(y) = y**2 - 3*y - 2. Give j(i).
-2
Let h(d) be the second derivative of -d**7/2520 - d**6/240 - d**5/120 - 5*d**4/12 + 2*d. Let v(k) be the third derivative of h(k). What is v(-2)?
1
Let f(d) = -9*d. Let y be f(-5). Let v = -20 + y. Suppose -a - 4*a = v. Let i(s) = -s**3 - 4*s**2 + 5*s + 4. What is i(a)?
4
Let y = -7 - -7. Let a(k) = -k - 4*k - k**3 + 4*k + 6. Determine a(y).
6
Let j(p) = -5*p**3 - 2*p**2 + p + 3. Let a(o) = -4*o**3 - o**2 + o + 2. Let l(d) = 6*a(d) - 5*j(d). Suppose 7*n + 8 + 13 = 0. What is l(n)?
3
Let l be 2*-1 - 7/1. Let n = l - -5. Let w(z) = 6*z - 5*z + 3 + 2. Give w(n).
1
Suppose -k = 4*k + 5*w + 20, -5*w = 3*k + 16. Let m(x) = x**3 + x**2 + x. Calculate m(k).
-6
Let o = 10 - 9. Let q(k) = -4*k - 17. Let z(b) = -b - 1. Let d(u) = o*q(u) - 5*z(u). Suppose 0 = -3*x - 0*t - 3*t + 30, -10 = 2*x - 4*t. Determine d(x).
-7
Let h(c) = 2*c**2 - 7*c + 4. Let t = 2 - -1. Let g = t + 1. Determine h(g).
8
Let u = 71 + -72. Let w(k) = 2*k. Calculate w(u).
-2
Let u(r) be the first derivative of -r**2/2 + 2*r + 26. Determine u(0).
2
Let d(p) = p**2 + 9*p + 12. Let g be 4/10 + 42/(-5). Let n be d(g). Suppose 0*j = n*j - 24. Let i(h) = h**2 - 5*h + 1. Give i(j).
7
Let u = 255 - 261. Let x(v) be the first derivative of -v**4/4 - 5*v**3/3 + 3*v**2 + 8*v + 1. Give x(u).
8
Let d be (-18)/(-8) - (-3)/(-12). Let h = d + 2. Let o(n) = n**2 - 7*n + 2. Let m(b) = b**2 - 7*b + 3. Let u(g) = -4*m(g) + 3*o(g). What is u(h)?
6
Let r(k) = k + 2. Let n(u) = -2*u**3. Let l be n(1). Let p(v) = 1. Let w(h) = l*p(h) - r(h). Let a(c) = c - 3. Let t be a(3). Give w(t).
-4
Let w(f) = f**2 + f - 1. Let p(s) = 6*s**2 + 3*s - 4. Let r = -3 + 5. Suppose -r*u + 5 = 3. Let v(a) = u*p(a) - 4*w(a). Determine v(2).
6
Suppose 2*o - 4*o - 6 = 0. Let w(r) = 5*r - 1. Give w(o).
-16
Let q = 1 + 3. Let a(b) = 7*b**2 - 10*b + 2 + 3 - 2*b**2 - 7*b**3. Let u(h) = 15*h**3 - 10*h**2 + 21*h - 10. Let j(l) = 13*a(l) + 6*u(l). Determine j(q).
5
Let s be 3*(3 + (-3)/(-9)). Let q = -8 + s. Let z(r) = 2*r**2 - 2. What is z(q)?
6
Let i(r) = -3*r**3 - 2*r**2 + 5*r + 4. Let y(c) = c**3 - c**2 + c. Let m(t) = -i(t) - 2*y(t). Determine m(-5).
6
Let h be (-4 - -17 - 5)/(-2). Let t be 3/(-2)*(-1 + -1). Let u(l) = -2 + l**2 - l + 0*l**t - l**3 - 5*l**2. Calculate u(h).
2
Let n(h) = h**2 - 2. Let d be n(-1). Let z(g) = 20*g**2 - 1. Determine z(d).
19
Suppose 2 = r - 0*r. Let v(g) = -3*g - 1 + 3*g - g**r. Suppose 0 = 2*l + 2*l + 8. Give v(l).
-5
Let g(c) = -2*c - 5. Let t be (3/(-1 - 2))/(-1). Suppose y - 5*i + 10 = t, 0 = -4*i + 16. Let r = 6 - y. 